{"id":204,"date":"2021-03-17T11:35:57","date_gmt":"2021-03-17T11:35:57","guid":{"rendered":"https:\/\/galerie-nudel.de\/?page_id=204"},"modified":"2025-09-24T18:50:30","modified_gmt":"2025-09-24T18:50:30","slug":"viktor-kovalyk","status":"publish","type":"page","link":"https:\/\/galerie-nudel.de\/index.php\/viktor-kovalyk\/","title":{"rendered":"Viktor Kovalyk"},"content":{"rendered":"\t\t<div data-elementor-type=\"wp-page\" data-elementor-id=\"204\" class=\"elementor elementor-204\">\n\t\t\t\t\t\t<section class=\"elementor-section elementor-top-section elementor-element elementor-element-512b0a8c elementor-section-boxed elementor-section-height-default elementor-section-height-default\" data-id=\"512b0a8c\" data-element_type=\"section\" data-e-type=\"section\">\n\t\t\t\t\t\t<div class=\"elementor-container elementor-column-gap-default\">\n\t\t\t\t\t<div class=\"elementor-column elementor-col-100 elementor-top-column elementor-element elementor-element-7e82a4d4\" data-id=\"7e82a4d4\" data-element_type=\"column\" data-e-type=\"column\">\n\t\t\t<div class=\"elementor-widget-wrap elementor-element-populated\">\n\t\t\t\t\t\t<div class=\"elementor-element elementor-element-3b6e9fe elementor-widget elementor-widget-heading\" data-id=\"3b6e9fe\" data-element_type=\"widget\" data-e-type=\"widget\" data-widget_type=\"heading.default\">\n\t\t\t\t<div class=\"elementor-widget-container\">\n\t\t\t\t\t<h3 class=\"elementor-heading-title elementor-size-default\">\u00dcber den K\u00fcnstler<\/h3>\t\t\t\t<\/div>\n\t\t\t\t<\/div>\n\t\t\t\t<div class=\"elementor-element elementor-element-f61c1e2 elementor-widget elementor-widget-heading\" data-id=\"f61c1e2\" data-element_type=\"widget\" data-e-type=\"widget\" data-widget_type=\"heading.default\">\n\t\t\t\t<div class=\"elementor-widget-container\">\n\t\t\t\t\t<h2 class=\"elementor-heading-title elementor-size-default\">Viktor Kovalyk<\/h2>\t\t\t\t<\/div>\n\t\t\t\t<\/div>\n\t\t\t\t<div class=\"elementor-element elementor-element-3f9cfff elementor-widget-divider--view-line elementor-widget elementor-widget-divider\" data-id=\"3f9cfff\" data-element_type=\"widget\" data-e-type=\"widget\" data-widget_type=\"divider.default\">\n\t\t\t\t<div class=\"elementor-widget-container\">\n\t\t\t\t\t\t\t<div class=\"elementor-divider\">\n\t\t\t<span class=\"elementor-divider-separator\">\n\t\t\t\t\t\t<\/span>\n\t\t<\/div>\n\t\t\t\t\t\t<\/div>\n\t\t\t\t<\/div>\n\t\t\t\t<div class=\"elementor-element elementor-element-235d945e elementor-widget elementor-widget-text-editor\" data-id=\"235d945e\" data-element_type=\"widget\" data-e-type=\"widget\" data-widget_type=\"text-editor.default\">\n\t\t\t\t<div class=\"elementor-widget-container\">\n\t\t\t\t\t\t\t\t\t<h3>Viktor Kovalyk ist das Pseudonym eines K\u00fcnstlers aus D\u00fcsseldorf. Er m\u00f6chte gern anonym bleiben und hat sich deshalb f\u00fcr diesen Namen entschieden. Seine Interessen werden von Dirk Nudel vertreten.<\/h3>\n<p>Viktor Kovalyk hat Grafikdesign studiert und 25 Jahre lang nach einem Stil gesucht, der in der Kunst einzigartig ist. Daf\u00fcr hat er die italienische, deutsche, spanische und russische Malerei studiert und eine ganz besondere Technik entwickelt. Mit dieser Technik verbindet der K\u00fcnstler Malerei und Grafik in einem harmonischen Ganzen. Er f\u00e4ngt nat\u00fcrliche Motive in einer einzigartig mystischen und romantischen Form ein.<\/p><p>Manchmal vermitteln Viktor Kovalyks gro\u00dfe Gem\u00e4lde den Eindruck von fl\u00fcssigen Glas oder Lava. Sie \u00f6ffnen den Blick in eine andere, sch\u00f6nere Welt \u2013 ein St\u00fcck Sehnsucht, der Sehnsucht nach Ruhe und Harmonie im Universum. Formen der Natur wie Gr\u00e4ser und Sonnenblumen sind in Bewegung und lassen die Gedanken des Betrachters flie\u00dfen. Sie erm\u00f6glichen es ihm, so wie Viktor Kovalyk, die Sch\u00f6nheit der Natur einfangen und Eindr\u00fccke aus der Kindheit miteinflie\u00dfen zu lassen.<br><a href=\"https:\/\/galerie-nudel.de\/index.php\/viktor-kovalyk\/sofort-erhaeltliche-werke\/\"><br><img fetchpriority=\"high\" decoding=\"async\" src=\"https:\/\/galerie-nudel.de\/wp-content\/uploads\/2021\/03\/Herbstliche-Motive-Leinen-Aquarell-Oel-Pigment-Lack-126x80-cm.jpg\" sizes=\"(max-width: 800px) 100vw, 800px\" srcset=\"https:\/\/galerie-nudel.de\/wp-content\/uploads\/2021\/03\/Herbstliche-Motive-Leinen-Aquarell-Oel-Pigment-Lack-126x80-cm.jpg 800w, https:\/\/galerie-nudel.de\/wp-content\/uploads\/2021\/03\/Herbstliche-Motive-Leinen-Aquarell-Oel-Pigment-Lack-126x80-cm-300x171.jpg 300w\" alt=\"\" width=\"800\" height=\"457\"><\/a><\/p>\t\t\t\t\t\t\t\t<\/div>\n\t\t\t\t<\/div>\n\t\t\t\t\t<\/div>\n\t\t<\/div>\n\t\t\t\t\t<\/div>\n\t\t<\/section>\n\t\t\t\t<\/div>\n\t\t","protected":false},"excerpt":{"rendered":"<p>\u00dcber den K\u00fcnstler Viktor Kovalyk Viktor Kovalyk ist das Pseudonym eines K\u00fcnstlers aus D\u00fcsseldorf. Er m\u00f6chte gern anonym bleiben und hat sich deshalb f\u00fcr diesen Namen entschieden. Seine Interessen werden von Dirk Nudel vertreten. Viktor Kovalyk hat Grafikdesign studiert und 25 Jahre lang nach einem Stil gesucht, der in der Kunst einzigartig ist. Daf\u00fcr hat <a href=\"https:\/\/galerie-nudel.de\/index.php\/viktor-kovalyk\/\" class=\"more-link\">\u2026\u00a0<span class=\"screen-reader-text\">  Viktor Kovalyk<\/span><\/a><\/p>\n","protected":false},"author":1,"featured_media":0,"parent":0,"menu_order":20,"comment_status":"closed","ping_status":"closed","template":"","meta":{"footnotes":""},"class_list":["post-204","page","type-page","status-publish","hentry"],"yoast_head":"<!-- This site is optimized with the Yoast SEO plugin v27.3 - https:\/\/yoast.com\/product\/yoast-seo-wordpress\/ -->\n<title>Viktor Kovalyk Thema Natur- Kunst Galerie Dirk Nudel D\u00fcsseldorf<\/title>\n<meta name=\"description\" content=\"Erfahren Sie bei uns in der Kunst Galerie Dirk Nudel alles \u00fcber Viktor Kovalyk dessen Hauptthema die Natur ist und seinen Werken.\" \/>\n<meta name=\"robots\" content=\"index, follow, max-snippet:-1, max-image-preview:large, max-video-preview:-1\" \/>\n<link rel=\"canonical\" href=\"https:\/\/galerie-nudel.de\/index.php\/viktor-kovalyk\/\" \/>\n<meta property=\"og:locale\" content=\"de_DE\" \/>\n<meta property=\"og:type\" content=\"article\" \/>\n<meta property=\"og:title\" content=\"Viktor Kovalyk Thema Natur- Kunst Galerie Dirk Nudel D\u00fcsseldorf\" \/>\n<meta property=\"og:description\" content=\"Erfahren Sie bei uns in der Kunst Galerie Dirk Nudel alles \u00fcber Viktor Kovalyk dessen Hauptthema die Natur ist und seinen Werken.\" \/>\n<meta property=\"og:url\" content=\"https:\/\/galerie-nudel.de\/index.php\/viktor-kovalyk\/\" \/>\n<meta property=\"og:site_name\" content=\"Galerie Dirk Nudel\" \/>\n<meta property=\"article:modified_time\" content=\"2025-09-24T18:50:30+00:00\" \/>\n<meta property=\"og:image\" content=\"https:\/\/galerie-nudel.de\/wp-content\/uploads\/2021\/03\/Herbstliche-Motive-Leinen-Aquarell-Oel-Pigment-Lack-126x80-cm.jpg\" \/>\n<meta name=\"twitter:card\" content=\"summary_large_image\" \/>\n<meta name=\"twitter:label1\" content=\"Gesch\u00e4tzte Lesezeit\" \/>\n\t<meta name=\"twitter:data1\" content=\"2\u00a0Minuten\" \/>\n<script type=\"application\/ld+json\" class=\"yoast-schema-graph\">{\"@context\":\"https:\\\/\\\/schema.org\",\"@graph\":[{\"@type\":\"WebPage\",\"@id\":\"https:\\\/\\\/galerie-nudel.de\\\/index.php\\\/viktor-kovalyk\\\/\",\"url\":\"https:\\\/\\\/galerie-nudel.de\\\/index.php\\\/viktor-kovalyk\\\/\",\"name\":\"Viktor Kovalyk Thema Natur- Kunst Galerie Dirk Nudel D\u00fcsseldorf\",\"isPartOf\":{\"@id\":\"https:\\\/\\\/galerie-nudel.de\\\/#website\"},\"primaryImageOfPage\":{\"@id\":\"https:\\\/\\\/galerie-nudel.de\\\/index.php\\\/viktor-kovalyk\\\/#primaryimage\"},\"image\":{\"@id\":\"https:\\\/\\\/galerie-nudel.de\\\/index.php\\\/viktor-kovalyk\\\/#primaryimage\"},\"thumbnailUrl\":\"https:\\\/\\\/galerie-nudel.de\\\/wp-content\\\/uploads\\\/2021\\\/03\\\/Herbstliche-Motive-Leinen-Aquarell-Oel-Pigment-Lack-126x80-cm.jpg\",\"datePublished\":\"2021-03-17T11:35:57+00:00\",\"dateModified\":\"2025-09-24T18:50:30+00:00\",\"description\":\"Erfahren Sie bei uns in der Kunst Galerie Dirk Nudel alles \u00fcber Viktor Kovalyk dessen Hauptthema die Natur ist und seinen Werken.\",\"breadcrumb\":{\"@id\":\"https:\\\/\\\/galerie-nudel.de\\\/index.php\\\/viktor-kovalyk\\\/#breadcrumb\"},\"inLanguage\":\"de\",\"potentialAction\":[{\"@type\":\"ReadAction\",\"target\":[\"https:\\\/\\\/galerie-nudel.de\\\/index.php\\\/viktor-kovalyk\\\/\"]}]},{\"@type\":\"ImageObject\",\"inLanguage\":\"de\",\"@id\":\"https:\\\/\\\/galerie-nudel.de\\\/index.php\\\/viktor-kovalyk\\\/#primaryimage\",\"url\":\"https:\\\/\\\/galerie-nudel.de\\\/wp-content\\\/uploads\\\/2021\\\/03\\\/Herbstliche-Motive-Leinen-Aquarell-Oel-Pigment-Lack-126x80-cm.jpg\",\"contentUrl\":\"https:\\\/\\\/galerie-nudel.de\\\/wp-content\\\/uploads\\\/2021\\\/03\\\/Herbstliche-Motive-Leinen-Aquarell-Oel-Pigment-Lack-126x80-cm.jpg\",\"width\":800,\"height\":457},{\"@type\":\"BreadcrumbList\",\"@id\":\"https:\\\/\\\/galerie-nudel.de\\\/index.php\\\/viktor-kovalyk\\\/#breadcrumb\",\"itemListElement\":[{\"@type\":\"ListItem\",\"position\":1,\"name\":\"Startseite\",\"item\":\"https:\\\/\\\/galerie-nudel.de\\\/\"},{\"@type\":\"ListItem\",\"position\":2,\"name\":\"Viktor Kovalyk\"}]},{\"@type\":\"WebSite\",\"@id\":\"https:\\\/\\\/galerie-nudel.de\\\/#website\",\"url\":\"https:\\\/\\\/galerie-nudel.de\\\/\",\"name\":\"Galerie Dirk Nudel\",\"description\":\"\",\"potentialAction\":[{\"@type\":\"SearchAction\",\"target\":{\"@type\":\"EntryPoint\",\"urlTemplate\":\"https:\\\/\\\/galerie-nudel.de\\\/?s={search_term_string}\"},\"query-input\":{\"@type\":\"PropertyValueSpecification\",\"valueRequired\":true,\"valueName\":\"search_term_string\"}}],\"inLanguage\":\"de\"}]}<\/script>\n<!-- \/ Yoast SEO plugin. -->","yoast_head_json":{"title":"Viktor Kovalyk Thema Natur- Kunst Galerie Dirk Nudel D\u00fcsseldorf","description":"Erfahren Sie bei uns in der Kunst Galerie Dirk Nudel alles \u00fcber Viktor Kovalyk dessen Hauptthema die Natur ist und seinen Werken.","robots":{"index":"index","follow":"follow","max-snippet":"max-snippet:-1","max-image-preview":"max-image-preview:large","max-video-preview":"max-video-preview:-1"},"canonical":"https:\/\/galerie-nudel.de\/index.php\/viktor-kovalyk\/","og_locale":"de_DE","og_type":"article","og_title":"Viktor Kovalyk Thema Natur- Kunst Galerie Dirk Nudel D\u00fcsseldorf","og_description":"Erfahren Sie bei uns in der Kunst Galerie Dirk Nudel alles \u00fcber Viktor Kovalyk dessen Hauptthema die Natur ist und seinen Werken.","og_url":"https:\/\/galerie-nudel.de\/index.php\/viktor-kovalyk\/","og_site_name":"Galerie Dirk Nudel","article_modified_time":"2025-09-24T18:50:30+00:00","og_image":[{"url":"https:\/\/galerie-nudel.de\/wp-content\/uploads\/2021\/03\/Herbstliche-Motive-Leinen-Aquarell-Oel-Pigment-Lack-126x80-cm.jpg","type":"","width":"","height":""}],"twitter_card":"summary_large_image","twitter_misc":{"Gesch\u00e4tzte Lesezeit":"2\u00a0Minuten"},"schema":{"@context":"https:\/\/schema.org","@graph":[{"@type":"WebPage","@id":"https:\/\/galerie-nudel.de\/index.php\/viktor-kovalyk\/","url":"https:\/\/galerie-nudel.de\/index.php\/viktor-kovalyk\/","name":"Viktor Kovalyk Thema Natur- Kunst Galerie Dirk Nudel D\u00fcsseldorf","isPartOf":{"@id":"https:\/\/galerie-nudel.de\/#website"},"primaryImageOfPage":{"@id":"https:\/\/galerie-nudel.de\/index.php\/viktor-kovalyk\/#primaryimage"},"image":{"@id":"https:\/\/galerie-nudel.de\/index.php\/viktor-kovalyk\/#primaryimage"},"thumbnailUrl":"https:\/\/galerie-nudel.de\/wp-content\/uploads\/2021\/03\/Herbstliche-Motive-Leinen-Aquarell-Oel-Pigment-Lack-126x80-cm.jpg","datePublished":"2021-03-17T11:35:57+00:00","dateModified":"2025-09-24T18:50:30+00:00","description":"Erfahren Sie bei uns in der Kunst Galerie Dirk Nudel alles \u00fcber Viktor Kovalyk dessen Hauptthema die Natur ist und seinen Werken.","breadcrumb":{"@id":"https:\/\/galerie-nudel.de\/index.php\/viktor-kovalyk\/#breadcrumb"},"inLanguage":"de","potentialAction":[{"@type":"ReadAction","target":["https:\/\/galerie-nudel.de\/index.php\/viktor-kovalyk\/"]}]},{"@type":"ImageObject","inLanguage":"de","@id":"https:\/\/galerie-nudel.de\/index.php\/viktor-kovalyk\/#primaryimage","url":"https:\/\/galerie-nudel.de\/wp-content\/uploads\/2021\/03\/Herbstliche-Motive-Leinen-Aquarell-Oel-Pigment-Lack-126x80-cm.jpg","contentUrl":"https:\/\/galerie-nudel.de\/wp-content\/uploads\/2021\/03\/Herbstliche-Motive-Leinen-Aquarell-Oel-Pigment-Lack-126x80-cm.jpg","width":800,"height":457},{"@type":"BreadcrumbList","@id":"https:\/\/galerie-nudel.de\/index.php\/viktor-kovalyk\/#breadcrumb","itemListElement":[{"@type":"ListItem","position":1,"name":"Startseite","item":"https:\/\/galerie-nudel.de\/"},{"@type":"ListItem","position":2,"name":"Viktor Kovalyk"}]},{"@type":"WebSite","@id":"https:\/\/galerie-nudel.de\/#website","url":"https:\/\/galerie-nudel.de\/","name":"Galerie Dirk Nudel","description":"","potentialAction":[{"@type":"SearchAction","target":{"@type":"EntryPoint","urlTemplate":"https:\/\/galerie-nudel.de\/?s={search_term_string}"},"query-input":{"@type":"PropertyValueSpecification","valueRequired":true,"valueName":"search_term_string"}}],"inLanguage":"de"}]}},"_links":{"self":[{"href":"https:\/\/galerie-nudel.de\/index.php\/wp-json\/wp\/v2\/pages\/204","targetHints":{"allow":["GET"]}}],"collection":[{"href":"https:\/\/galerie-nudel.de\/index.php\/wp-json\/wp\/v2\/pages"}],"about":[{"href":"https:\/\/galerie-nudel.de\/index.php\/wp-json\/wp\/v2\/types\/page"}],"author":[{"embeddable":true,"href":"https:\/\/galerie-nudel.de\/index.php\/wp-json\/wp\/v2\/users\/1"}],"replies":[{"embeddable":true,"href":"https:\/\/galerie-nudel.de\/index.php\/wp-json\/wp\/v2\/comments?post=204"}],"version-history":[{"count":56,"href":"https:\/\/galerie-nudel.de\/index.php\/wp-json\/wp\/v2\/pages\/204\/revisions"}],"predecessor-version":[{"id":2157,"href":"https:\/\/galerie-nudel.de\/index.php\/wp-json\/wp\/v2\/pages\/204\/revisions\/2157"}],"wp:attachment":[{"href":"https:\/\/galerie-nudel.de\/index.php\/wp-json\/wp\/v2\/media?parent=204"}],"curies":[{"name":"wp","href":"https:\/\/api.w.org\/{rel}","templated":true}]}}